Monthly Climatological Summary for Jun 2022

NAME:Vilnius County
ELEV:180 meters
LAT:54-46.80 N
LONG:025-05.10 E

DAILY MAXIMUM and MINIMUM TEMPERATURE (°C), RAIN (mm) and WIND SPEED (m/s)

Day Mean High Time Low Time Heat
deg
days
Cool
deg
days
Rain Avg
wind
speed
Max Time Dir
01 13.3 19.6 13:15 8.6 02:29 5.0 0.0 7.8 4.4 22.4 13:04 140
02 11.5 14.8 16:28 8.7 05:12 6.9 0.0 3.0 1.4 14.3 17:17 161
03 12.8 17.1 19:55 7.1 05:59 5.5 0.0 0.0 1.7 12.5 17:05 290
04 14.5 21.7 14:51 7.9 04:16 3.8 0.0 0.2 1.7 15.6 15:36 273
05 15.3 20.1 17:34 9.3 02:11 3.0 0.0 0.0 2.0 11.2 11:19 353
06 17.6 23.7 16:41 9.7 04:42 0.7 0.0 0.0 1.1 8.5 11:35 110
07 19.1 23.7 11:36 12.6 02:56 0.0 0.7 0.0 1.6 12.5 10:36 152
08 19.3 24.8 12:41 15.1 04:53 0.0 1.0 12.6 2.0 26.8 19:20 172
09 19.5 24.8 19:26 15.6 05:03 0.0 1.1 4.4 0.6 10.7 19:31 18
10 21.1 28.1 14:35 16.8 23:21 0.0 2.8 0.0 2.1 12.5 19:13 44
11 17.0 20.6 19:15 14.8 10:08 1.3 0.0 0.6 4.1 13.4 14:33 314
12 18.0 22.9 16:11 12.7 06:32 0.4 0.0 0.0 3.2 14.3 18:40 313
13 15.5 20.3 12:45 11.0 04:20 2.9 0.0 6.6 1.3 17.4 19:29 320
14 10.9 13.2 00:00 9.6 06:18 7.4 0.0 9.2 4.8 21.0 03:37 308
15 14.4 19.9 16:19 11.2 02:38 3.9 0.0 0.4 4.3 19.7 16:44 306
16 14.1 19.3 13:21 10.9 04:18 4.2 0.0 1.6 1.5 9.4 13:47 298
17 15.5 20.2 16:32 10.6 05:11 2.8 0.0 0.2 4.1 18.8 14:48 333
18 16.0 19.9 12:59 10.7 05:24 2.4 0.0 0.4 1.2 15.2 13:07 264
19 18.6 23.0 15:33 14.2 23:58 0.0 0.2 0.0 2.7 13.9 12:16 304
20 14.3 16.8 16:26 12.1 04:47 4.1 0.0 0.6 2.2 12.1 02:23 6
21 13.0 14.2 03:17 11.7 17:13 5.3 0.0 36.8 3.5 14.8 19:12 359
22 16.0 20.2 19:21 11.6 05:42 2.4 0.0 0.2 4.8 16.5 11:35 352
23 18.3 23.6 19:30 11.2 05:36 0.0 0.0 0.0 1.2 8.5 16:20 343
24 20.3 25.5 16:12 11.7 03:47 0.0 2.0 0.0 0.7 8.5 17:36 7
25 19.9 26.4 13:04 15.6 05:22 0.0 1.6 0.0 1.6 13.4 13:06 130
26
27
28
29
30
16.2 28.1 10 7.1 03 62.0 9.4 84.6 2.4 26.8 08 325