Monthly Climatological Summary for Jan 2022

NAME:Vilnius County
ELEV:180 meters
LAT:54-46.80 N
LONG:025-05.10 E

DAILY MAXIMUM and MINIMUM TEMPERATURE (°C), RAIN (mm) and WIND SPEED (m/s)

Day Mean High Time Low Time Heat
deg
days
Cool
deg
days
Rain Avg
wind
speed
Max Time Dir
01 1.8 3.7 01:46 -3.5 23:56 16.5 0.0 0.8 6.8 25.0 14:18 329
02 -2.3 0.3 23:34 -6.2 04:39 20.7 0.0 7.8 3.7 21.9 12:02 165
03 3.1 4.8 05:34 0.3 00:00 15.2 0.0 7.8 4.0 17.0 06:32 302
04 3.6 4.1 04:37 2.5 19:44 14.7 0.0 1.0 3.5 13.9 21:18 202
05 1.4 3.0 00:00 0.3 23:46 17.0 0.0 3.4 2.3 20.1 09:31 269
06 -0.6 1.2 07:07 -4.9 23:26 19.0 0.0 0.2 5.1 22.8 20:12 299
07 -3.1 -1.5 15:18 -5.0 00:17 21.5 0.0 0.0 3.5 17.9 12:01 273
08 -3.4 -1.4 13:09 -4.1 21:02 21.7 0.0 0.0 6.1 19.7 13:58 160
09 -3.3 -1.6 14:58 -5.6 22:35 21.6 0.0 0.0 3.2 13.9 07:31 151
10 -2.9 -0.6 14:00 -6.2 04:00 21.2 0.0 0.0 2.5 10.7 15:04 360
11 -6.4 -1.6 00:01 -11.8 23:33 24.8 0.0 0.0 2.9 14.3 03:58 5
12 -9.7 -4.9 23:54 -14.0 05:23 28.1 0.0 0.0 1.1 10.7 17:37 179
13 0.8 3.5 22:47 -4.9 00:00 17.5 0.0 0.0 5.8 22.4 23:10 286
14 3.2 6.2 10:14 1.3 10:51 15.1 0.0 1.4 12.8 42.0 10:40 309
15 1.4 2.2 02:54 -0.6 23:52 16.9 0.0 0.0 9.8 25.9 01:44 318
16 -1.5 -0.1 13:19 -2.6 20:00 19.9 0.0 0.0 3.5 17.4 21:36 261
17 -0.9 1.3 07:13 -3.2 23:34 19.2 0.0 1.2 10.7 38.0 18:29 313
18 -2.6 -1.3 14:00 -3.9 20:52 20.9 0.0 0.0 6.8 25.0 00:36 325
19 -0.4 1.1 17:26 -3.8 02:13 18.7 0.0 0.0 3.5 15.2 13:06 251
20 -1.3 -0.1 10:42 -3.4 20:55 19.6 0.0 1.8 5.6 21.0 01:52 240
21 -2.3 -2.0 06:37 -2.6 03:45 20.7 0.0 0.2 11.0 27.7 03:37 313
22
23
24
25
26
27
28
29
30
31
-1.2 6.2 14 -14.0 12 410.4 0.0 25.6 5.3 42.0 14 297