Monthly Climatological Summary for May 2020

NAME:Vilnius County
ELEV:180 meters
LAT:54-46.80 N
LONG:025-05.10 E

DAILY MAXIMUM and MINIMUM TEMPERATURE (°C), RAIN (mm) and WIND SPEED (m/s)

Day Mean High Time Low Time Heat
deg
days
Cool
deg
days
Rain Avg
wind
speed
Max Time Dir
01 10.1 16.1 17:25 2.2 05:50 8.3 0.0 0.0 7.2 21.9 14:20 135
02 10.3 14.0 20:00 7.6 04:40 8.0 0.0 8.2 3.6 15.6 08:30 142
03 11.0 15.8 14:30 7.3 02:25 7.3 0.0 0.2 1.9 12.1 18:55 323
04 10.3 14.3 19:05 5.2 06:20 8.1 0.0 0.0 2.7 13.9 05:25 325
05 10.3 15.3 13:45 4.6 06:50 8.0 0.0 0.4 2.6 13.9 16:15 1
06 10.6 15.8 17:50 7.8 03:40 7.8 0.0 11.2 8.4 21.9 12:45 357
07 8.5 12.9 16:05 3.4 05:45 9.8 0.0 0.0 8.2 24.1 14:55 343
08 9.0 15.3 18:35 1.3 05:45 9.3 0.0 0.0 2.0 13.0 18:05 316
09 11.4 15.6 14:00 6.0 05:55 7.0 0.0 0.0 2.8 13.9 13:50 315
10 13.7 19.9 17:50 6.7 05:45 4.6 0.0 0.0 1.1 13.0 14:25 198
11 12.6 21.3 14:25 3.5 00:00 5.7 0.0 14.8 6.2 20.6 09:10 36
12 2.3 7.9 18:00 -1.3 08:40 16.0 0.0 10.4 8.5 26.4 00:55 343
13 4.3 9.6 13:45 0.2 05:05 14.0 0.0 4.8 2.6 24.1 16:30 233
14 5.3 10.0 15:40 0.7 05:05 13.0 0.0 0.0 2.7 17.4 17:10 322
15 8.1 13.3 16:55 1.5 05:40 10.2 0.0 0.0 3.3 18.8 15:35 291
16 8.5 11.8 16:25 6.6 22:05 9.8 0.0 2.4 3.7 23.7 17:25 283
17 8.9 12.4 14:05 6.6 21:50 9.4 0.0 1.4 5.0 22.4 17:00 282
18 8.4 12.9 19:10 4.4 08:10 10.0 0.0 8.4 4.7 32.2 15:40 301
19 8.3 12.2 14:45 5.0 04:40 10.1 0.0 1.4 1.8 10.3 16:50 300
20 8.5 12.1 16:05 4.1 05:45 9.9 0.0 0.2 7.3 22.8 15:25 335
21 6.4 11.3 13:11 2.2 05:22 11.9 0.0 0.2 8.1 27.3 15:06 329
22 8.5 13.8 19:10 5.1 05:57 9.8 0.0 0.4 4.4 13.9 12:27 347
23 11.7 17.7 17:58 3.9 05:50 6.6 0.0 0.0 1.5 11.6 00:00 0
24 10.2 11.2 02:38 9.0 23:47 8.1 0.0 1.8 2.5 13.4 02:58 332
25 11.2 16.7 15:56 6.8 06:38 7.1 0.0 0.0 1.8 10.3 04:43 322
26 13.4 19.2 18:00 7.3 03:15 5.0 0.0 0.0 1.5 9.4 16:15 356
27
28
29
30
31
9.3 21.3 11 -1.3 12 234.8 0.0 66.2 4.1 32.2 18 329