Monthly Climatological Summary for Mar 2020

NAME:Vilnius County
ELEV:180 meters
LAT:54-46.80 N
LONG:025-05.10 E

DAILY MAXIMUM and MINIMUM TEMPERATURE (°C), RAIN (mm) and WIND SPEED (m/s)

Day Mean High Time Low Time Heat
deg
days
Cool
deg
days
Rain Avg
wind
speed
Max Time Dir
01 4.0 7.3 15:35 1.4 02:40 14.4 0.0 1.4 4.9 22.8 03:25 170
02 5.2 9.4 15:00 1.1 07:15 13.1 0.0 0.4 6.4 17.4 21:25 145
03 5.3 7.6 15:45 3.7 02:40 13.1 0.0 0.4 4.2 18.8 21:20 137
04 5.7 7.4 04:50 3.5 00:00 12.6 0.0 3.4 3.2 13.0 06:10 165
05 2.5 6.3 15:55 -0.4 22:50 15.8 0.0 4.6 2.5 13.4 00:25 296
06 2.7 6.9 13:45 -1.6 07:05 15.6 0.0 0.0 4.3 16.5 13:50 142
07 3.5 4.8 16:00 2.0 05:50 14.8 0.0 0.8 4.5 13.0 04:50 137
08 4.8 5.6 14:05 3.9 23:55 13.5 0.0 1.0 0.5 5.8 04:30 319
09 3.9 5.7 14:30 1.7 06:35 14.5 0.0 0.0 1.8 8.9 11:10 158
10 3.4 5.8 16:55 0.3 06:40 14.9 0.0 0.0 3.4 15.6 12:45 161
11 5.0 7.6 14:35 3.7 00:05 13.3 0.0 4.6 7.2 30.0 16:25 259
12 4.8 7.9 12:30 1.2 07:25 13.5 0.0 8.2 6.1 34.4 17:40 265
13 4.4 7.8 15:40 2.3 07:25 13.9 0.0 0.0 6.3 29.1 02:00 283
14 -0.7 2.7 00:40 -3.8 23:40 19.1 0.0 0.6 9.5 32.2 07:05 327
15 -1.0 4.0 15:40 -5.6 06:40 19.3 0.0 0.0 3.8 14.3 02:20 296
16 3.4 9.6 14:00 -2.3 04:35 14.9 0.0 0.4 4.8 25.9 20:25 208
17 4.0 8.6 15:40 0.4 07:25 14.3 0.0 0.2 3.9 14.8 03:20 313
18 8.0 12.9 15:50 2.7 04:40 10.3 0.0 0.0 3.3 21.5 23:35 250
19 6.9 8.9 00:05 1.8 00:00 11.5 0.0 0.0 6.8 23.7 14:55 305
20 3.0 8.8 15:05 -1.1 06:50 15.4 0.0 0.0 3.4 18.3 16:35 300
21 0.1 2.4 01:05 -2.9 23:20 18.2 0.0 0.2 7.5 23.7 16:55 357
22 -1.3 2.7 14:00 -3.8 06:35 19.6 0.0 0.0 3.7 14.8 12:00 23
23 -1.3 3.0 14:00 -5.6 06:20 19.7 0.0 0.0 0.9 13.4 10:55 60
24 -0.1 4.9 15:10 -6.9 06:15 18.4 0.0 0.0 1.1 10.3 13:15 335
25 2.6 9.1 15:35 -4.3 05:45 15.7 0.0 0.0 1.3 9.8 11:10 276
26 4.3 11.3 15:20 -3.6 05:55 14.0 0.0 0.0 1.5 10.3 13:45 156
27 6.2 13.7 15:20 -2.3 06:10 12.1 0.0 0.0 2.7 14.8 12:25 139
28 8.4 16.2 15:40 -1.3 06:25 9.9 0.0 5.4 0.8 8.5 15:30 8
29 3.0 7.7 01:10 -2.2 23:05 15.4 0.0 0.2 6.6 20.6 20:35 358
30 -1.1 2.6 17:30 -5.3 07:35 19.4 0.0 0.0 6.1 18.3 15:05 358
31 -0.6 4.4 13:40 -6.2 06:35 18.9 0.0 0.0 1.8 16.1 16:45 312
3.2 16.2 28 -6.9 24 469.2 0.0 31.8 4.0 34.4 12 293