Monthly Climatological Summary for Feb 2020

NAME:HomeISS
ELEV:180 meters
LAT:54-46.80 N
LONG:025-05.10 E

DAILY MAXIMUM and MINIMUM TEMPERATURE (°C), RAIN (mm) and WIND SPEED (m/s)

Day Mean High Time Low Time Heat
deg
days
Cool
deg
days
Rain Avg
wind
speed
Max Time Dir
01 4.6 7.9 23:51 2.0 03:48 13.7 0.0 3.4 2.0 13.9 23:52 220
02 4.9 8.1 00:51 2.7 21:27 13.4 0.0 4.4 6.5 30.0 19:59 288
03 1.8 3.1 15:13 0.6 18:10 16.6 0.0 0.2 6.6 19.7 13:30 303
04 -0.1 1.3 14:09 -2.9 23:57 18.4 0.0 0.0 0.6 7.6 00:46 311
05 -3.4 -0.6 15:18 -6.8 07:39 21.7 0.0 0.0 4.3 15.6 23:30 333
06 -0.2 2.8 11:57 -5.2 23:46 18.5 0.0 1.2 7.8 24.1 14:24 323
07 -3.8 -1.2 15:10 -6.0 05:37 22.1 0.0 0.0 5.9 16.1 12:35 335
08 -0.5 0.3 21:20 -2.2 00:00 18.8 0.0 0.0 3.2 17.9 05:28 297
09 0.7 5.2 14:31 -3.3 07:16 17.7 0.0 0.0 4.7 23.2 23:53 165
10 2.3 4.2 18:30 -0.6 08:23 16.1 0.0 8.2 7.1 30.4 05:23 171
11 1.9 4.1 12:48 0.4 23:13 16.4 0.0 2.4 3.4 18.8 04:00 236
12 1.3 2.4 15:16 0.2 10:39 17.0 0.0 2.0 4.0 19.2 11:28 261
13 1.6 2.8 14:16 0.7 00:00 16.7 0.0 0.4 4.1 18.8 14:00 275
14 0.4 3.9 14:49 -2.0 23:59 17.9 0.0 0.0 1.2 8.0 10:15 161
15 -0.8 3.2 12:56 -4.6 06:48 19.1 0.0 0.0 2.8 17.0 21:59 170
16 2.3 5.6 23:57 -0.7 02:25 16.0 0.0 0.6 7.3 25.5 16:38 164
17 7.0 10.2 11:39 4.9 20:54 11.4 0.0 0.2 4.4 20.6 00:18 229
18 3.5 6.7 12:47 0.9 05:51 14.8 0.0 1.8 2.6 16.1 14:32 262
19 3.6 5.6 12:41 2.1 00:00 14.7 0.0 0.0 3.4 16.5 13:34 246
20 2.6 5.0 13:58 0.3 23:52 15.7 0.0 0.0 1.6 8.5 10:30 272
21 1.7 4.8 14:08 -0.7 06:22 16.7 0.0 0.4 5.2 23.2 11:40 168
22 2.7 5.0 23:29 0.8 01:59 15.7 0.0 3.0 4.4 24.6 17:29 199
23 3.3 5.7 00:56 1.3 07:41 15.0 0.0 0.8 6.1 35.8 01:01 284
24
25
26
27
28
29
1.6 10.2 17 -6.8 05 384.1 0.0 29.0 4.3 35.8 23 251