Monthly Climatological Summary for Jan 2020

NAME:HomeISS
ELEV:180 meters
LAT:54-46.80 N
LONG:025-05.10 E

DAILY MAXIMUM and MINIMUM TEMPERATURE (°C), RAIN (mm) and WIND SPEED (m/s)

Day Mean High Time Low Time Heat
deg
days
Cool
deg
days
Rain Avg
wind
speed
Max Time Dir
01
02
03
04
05
06
07
08
09
10
11
12
13
14
15
16
17
18
19
20 2.2 2.3 23:05 2.1 00:00 16.1 0.0 0.0 8.2 20.6 23:50 292
21 3.1 4.6 21:30 1.4 01:45 15.2 0.0 0.0 7.7 23.7 11:00 292
22 2.8 4.5 00:05 0.3 13:30 15.6 0.0 5.2 8.9 30.0 13:20 312
23 0.8 2.2 13:10 -0.3 04:20 17.5 0.0 0.0 6.7 19.2 21:15 306
24 2.3 3.2 12:10 -0.1 00:20 16.0 0.0 0.0 6.2 18.8 21:35 283
25 3.3 4.9 14:40 2.1 21:25 15.1 0.0 0.0 6.1 20.6 13:35 299
26 2.1 3.2 13:10 0.4 23:55 16.2 0.0 0.0 3.7 16.5 14:35 282
27 -0.1 0.4 00:05 -1.2 23:50 18.4 0.0 0.4 0.6 6.7 07:55 240
28 0.3 2.7 22:15 -1.6 06:00 18.0 0.0 0.0 5.4 17.9 20:20 154
29 1.3 2.6 00:45 0.2 23:34 17.1 0.0 2.8 3.3 16.1 00:25 159
30 1.3 2.8 14:54 0.1 05:14 17.0 0.0 1.2 2.0 12.1 16:03 276
31 2.0 2.8 14:06 1.1 00:00 16.3 0.0 1.8 2.6 12.1 08:11 158
1.8 4.9 25 -1.6 28 198.5 0.0 11.4 4.8 30.0 22 284