Climatological Summary for Year 2019

NAME:HomeISS
ELEV:180 meters
LAT:54-46.80 N
LONG:025-05.10 E

Temperature (°C)

Year Month Mean Max Mean Min Mean Heat deg days Cool deg days High Day Low Day Max >= 30 Max <= 0 Min <= 0 Min <= -20
2019 01 -2.8 -7.1 -4.6 710.9 0.0 2.4 01 -14.9 24 0 23 31 0
2019 02 2.7 -1.6 0.5 499.9 0.0 6.9 28 -9.1 22 0 4 19 0
2019 03 6.4 -0.5 2.9 479.1 0.0 14.3 30 -6.6 02 0 2 15 0
2019 04 14.3 2.4 8.8 287.3 0.1 25.7 27 -4.2 13 0 0 10 0
2019 05 18.0 7.9 13.0 173.5 9.1 26.6 21 -1.4 04 0 0 2 0
2019 06 25.7 14.4 20.5 12.7 76.3 33.3 12 8.8 03 4 0 0 0
2019 07 21.3 12.4 16.5 75.0 19.6 28.6 21 8.3 04 0 0 0 0
2019 08 22.8 12.4 17.6 43.8 21.9 29.1 19 7.7 06 0 0 0 0
2019 09 17.1 7.9 12.4 182.9 4.5 27.3 02 -1.7 24 0 0 3 0
2019 10 12.2 5.9 8.9 292.0 0.0 19.8 16 -4.2 31 0 0 5 0
2019 11 8.6 4.5 6.9 140.7 0.0 14.0 04 0.4 02 0 0 0 0
2019 12
13.6 5.4 9.6 2897.9 131.5 33.3 Jun -14.9 Jan 4 29 85 0

Precipitation (mm)

Days of rain over
Year Month Total Max observe day Date 0.30 3.00 30.00
2019 01 22.6 5.2 01 11 3 0
2019 02 21.2 8.2 13 8 2 0
2019 03 41.4 11.2 16 15 4 0
2019 04 0.2 0.2 21 0 0 0
2019 05 30.6 14.4 28 10 3 0
2019 06 45.8 13.4 27 5 4 0
2019 07 62.2 15.4 16 14 8 0
2019 08 61.2 23.0 21 12 5 0
2019 09 43.2 11.8 30 13 5 0
2019 10 30.0 7.0 02 11 4 0
2019 11 12.6 7.8 10 3 1 0
2019 12
371.0 23.0 Aug 102 39 0

Wind Speed (m/s)

Year Month Average High Date Dom. direction
2019 01 3.7 25.9 14 178
2019 02 5.5 32.6 28 281
2019 03 5.1 28.6 01 281
2019 04 3.8 29.5 24 105
2019 05 3.7 27.7 02 15
2019 06 3.4 30.0 07 333
2019 07 3.2 30.0 02 318
2019 08 2.0 25.9 08 305
2019 09 3.1 29.1 16 246
2019 10 2.8 24.6 01 236
2019 11 3.9 24.1 02 164
2019 12
3.6 32.6 Feb 280