Monthly Climatological Summary for Nov 2019

NAME:HomeISS
ELEV:180 meters
LAT:54-46.80 N
LONG:025-05.10 E

DAILY MAXIMUM and MINIMUM TEMPERATURE (°C), RAIN (mm) and WIND SPEED (m/s)

Day Mean High Time Low Time Heat
deg
days
Cool
deg
days
Rain Avg
wind
speed
Max Time Dir
01 3.8 6.1 15:05 1.2 23:58 14.5 0.0 0.0 2.1 11.6 04:18 278
02 2.7 5.4 15:27 0.4 02:00 15.6 0.0 0.0 7.8 24.1 18:46 157
03 7.3 10.4 23:52 3.5 00:00 11.0 0.0 0.0 6.5 17.9 10:15 159
04 12.2 14.0 15:07 10.4 00:00 6.1 0.0 0.0 5.5 16.1 12:25 158
05 10.1 12.4 00:00 9.1 07:30 8.2 0.0 0.0 2.7 17.9 06:37 251
06 7.5 9.1 00:00 5.6 23:01 10.8 0.0 0.0 1.7 13.9 21:56 176
07 5.8 7.6 13:09 4.3 21:28 12.5 0.0 0.0 2.1 14.3 04:52 193
08 6.1 8.6 15:42 3.3 06:23 12.2 0.0 0.0 4.5 18.3 21:30 146
09 8.5 10.4 23:35 7.1 03:43 9.8 0.0 2.6 5.3 16.5 21:39 144
10 8.4 10.8 03:01 5.8 23:23 10.0 0.0 7.8 1.8 13.4 00:08 203
11 5.2 6.6 13:31 1.5 23:54 13.1 0.0 2.2 2.6 10.3 10:14 327
12 1.5 1.9 00:43 1.2 06:15 16.8 0.0 0.0 4.1 11.2 01:28 145
13
14
15
16
17
18
19
20
21
22
23
24
25
26
27
28
29
30
6.9 14.0 04 0.4 02 140.7 0.0 12.6 3.9 24.1 02 164