Monthly Climatological Summary for Oct 2019

NAME:HomeISS
ELEV:180 meters
LAT:54-46.80 N
LONG:025-05.10 E

DAILY MAXIMUM and MINIMUM TEMPERATURE (°C), RAIN (mm) and WIND SPEED (m/s)

Day Mean High Time Low Time Heat
deg
days
Cool
deg
days
Rain Avg
wind
speed
Max Time Dir
01 10.6 13.3 00:00 8.4 08:25 7.7 0.0 1.2 5.3 24.6 03:24 288
02 11.9 13.6 21:19 10.1 12:58 6.4 0.0 7.0 1.9 11.6 18:18 206
03 8.3 11.0 16:24 6.6 23:55 10.1 0.0 0.6 3.6 14.3 05:04 319
04 6.6 9.6 14:55 3.1 06:25 11.8 0.0 3.6 1.0 12.5 15:04 285
05 4.6 7.7 14:17 -1.1 23:53 13.8 0.0 0.2 1.5 10.3 19:24 0
06 1.0 4.7 13:57 -1.5 02:55 17.3 0.0 0.0 3.3 13.9 12:45 345
07 1.2 2.6 16:55 -0.1 00:48 17.1 0.0 1.4 1.0 8.0 10:25 306
08 4.0 5.7 15:40 1.9 06:30 14.4 0.0 1.0 2.2 14.3 19:55 176
09 8.7 14.1 14:56 4.1 00:19 9.6 0.0 1.4 3.1 15.2 00:48 222
10 9.1 10.4 16:16 8.0 00:00 9.3 0.0 5.0 2.3 18.3 22:11 203
11 9.3 10.9 16:43 8.4 07:52 9.0 0.0 0.2 2.7 13.0 11:45 247
12 10.7 12.5 16:10 9.6 23:48 7.6 0.0 6.6 3.4 18.3 10:32 243
13 11.0 12.2 14:41 9.6 00:00 7.3 0.0 1.2 1.5 10.7 10:23 265
14 14.3 19.5 16:09 8.7 01:26 4.1 0.0 0.0 3.9 17.0 08:17 225
15 10.8 16.2 16:11 4.3 07:59 7.5 0.0 0.2 3.7 15.2 19:49 134
16 15.7 19.8 15:11 12.5 01:17 2.7 0.0 0.0 5.4 21.5 08:49 154
17 12.1 14.9 00:00 9.7 23:27 6.2 0.0 0.4 2.3 17.4 13:26 226
18 12.8 18.0 13:42 9.1 01:21 5.5 0.0 0.0 2.6 14.8 10:32 159
19 12.9 18.3 15:15 9.9 07:18 5.4 0.0 0.0 2.6 10.3 13:26 161
20 12.6 17.7 15:25 7.7 08:01 5.7 0.0 0.0 2.2 10.7 12:07 153
21 13.0 18.2 14:45 9.8 08:19 5.3 0.0 0.0 1.4 8.5 10:29 80
22 13.7 19.8 15:00 10.2 03:36 4.6 0.0 0.0 2.0 11.6 17:11 209
23 10.6 13.5 14:20 6.2 22:50 7.7 0.0 0.0 1.9 11.2 14:21 300
24 9.1 14.4 15:50 3.9 08:26 9.2 0.0 0.0 2.8 12.1 22:41 145
25 10.0 11.2 10:59 8.9 02:05 8.3 0.0 0.0 3.9 17.4 11:33 161
26 11.9 14.3 16:03 9.5 08:04 6.4 0.0 0.0 2.8 14.3 17:46 231
27 11.0 14.6 13:44 6.7 23:49 7.3 0.0 0.0 4.4 24.6 18:18 274
28 6.2 7.9 13:06 5.3 22:09 12.2 0.0 0.0 2.9 13.9 05:08 288
29 3.0 5.3 00:00 0.2 23:55 15.3 0.0 0.0 4.9 14.8 10:52 311
30 -0.3 2.0 14:32 -3.1 23:58 18.6 0.0 0.0 1.6 9.4 14:49 326
31 -0.1 3.1 14:17 -4.2 00:55 18.4 0.0 0.0 1.9 14.3 15:21 219
8.9 19.8 16 -4.2 31 292.0 0.0 30.0 2.8 24.6 01 236