Monthly Climatological Summary for Sep 2019

NAME:HomeISS
ELEV:180 meters
LAT:54-46.80 N
LONG:025-05.10 E

DAILY MAXIMUM and MINIMUM TEMPERATURE (°C), RAIN (mm) and WIND SPEED (m/s)

Day Mean High Time Low Time Heat
deg
days
Cool
deg
days
Rain Avg
wind
speed
Max Time Dir
01 18.8 24.5 15:58 12.7 06:52 0.0 0.5 0.0 2.6 13.4 15:35 139
02 19.6 27.3 14:34 14.9 05:17 0.0 1.2 0.0 5.4 16.5 20:14 183
03 13.3 15.1 00:21 11.1 23:25 5.0 0.0 3.0 2.3 13.4 00:19 326
04 14.7 19.9 16:36 8.3 06:51 3.7 0.0 0.2 0.6 11.2 19:32 274
05 16.5 22.8 13:37 10.8 06:43 1.8 0.0 0.0 2.8 15.2 12:11 158
06 15.5 19.4 15:32 10.8 23:58 2.8 0.0 0.0 3.0 15.2 11:54 302
07 14.7 20.5 15:17 8.3 04:42 3.6 0.0 0.0 2.1 13.0 15:13 138
08 18.9 24.2 15:13 13.8 01:45 0.0 0.6 0.0 5.1 18.8 15:35 134
09 20.5 26.6 15:19 13.9 06:08 0.0 2.1 0.0 4.9 20.1 14:38 141
10 17.1 19.7 11:35 12.4 23:43 1.2 0.0 0.0 5.3 20.1 09:50 143
11 15.3 21.7 16:09 9.8 06:44 3.1 0.0 0.0 2.4 15.2 13:05 167
12 16.4 22.9 13:55 10.5 07:02 1.9 0.0 0.0 2.7 17.0 13:43 239
13 14.7 19.1 13:53 10.6 06:04 3.7 0.0 0.4 2.9 20.6 20:50 294
14 12.2 16.1 13:27 8.6 07:03 6.2 0.0 0.6 4.8 25.5 13:35 308
15 12.4 16.4 17:18 8.5 02:03 5.9 0.0 0.0 2.9 18.8 12:59 270
16 12.5 15.6 13:55 8.9 23:30 5.8 0.0 3.6 6.2 29.1 01:07 297
17 9.4 14.0 13:14 6.7 23:07 9.0 0.0 0.4 2.8 18.3 13:14 284
18 7.6 12.3 15:48 5.6 01:37 10.7 0.0 0.6 4.6 22.4 17:03 310
19 8.2 11.9 15:04 6.2 22:11 10.2 0.0 5.8 3.9 17.0 15:22 316
20 6.9 10.9 16:14 4.1 08:03 11.4 0.0 0.4 5.4 18.3 13:17 333
21 8.9 13.7 17:24 3.8 02:42 9.5 0.0 1.6 3.2 19.7 21:34 301
22 10.0 15.2 15:48 4.2 00:00 8.3 0.0 2.6 4.4 18.3 01:44 308
23 4.5 10.3 15:58 -0.7 06:53 13.9 0.0 0.2 0.4 7.2 15:32 70
24 4.7 11.1 16:02 -1.7 07:08 13.7 0.0 0.0 0.9 10.3 13:55 151
25 5.3 8.9 16:10 0.0 06:51 13.0 0.0 0.0 3.0 11.6 13:42 135
26 9.5 16.9 15:27 2.7 06:56 8.8 0.0 0.0 0.7 10.3 14:28 129
27 10.4 18.0 16:09 2.8 07:50 7.9 0.0 0.0 1.1 8.0 14:30 156
28 8.9 11.3 22:34 6.9 05:22 9.4 0.0 9.4 3.9 17.0 09:09 145
29 11.6 13.9 16:17 10.3 03:10 6.7 0.0 2.6 1.1 12.5 16:00 193
30 12.6 13.9 22:37 11.0 03:47 5.8 0.0 11.8 2.3 14.8 23:03 166
12.4 27.3 02 -1.7 24 182.9 4.5 43.2 3.1 29.1 16 246