Monthly Climatological Summary for Aug 2019

NAME:HomeISS
ELEV:180 meters
LAT:54-46.80 N
LONG:025-05.10 E

DAILY MAXIMUM and MINIMUM TEMPERATURE (°C), RAIN (mm) and WIND SPEED (m/s)

Day Mean High Time Low Time Heat
deg
days
Cool
deg
days
Rain Avg
wind
speed
Max Time Dir
01 13.3 14.9 14:06 11.3 05:09 5.0 0.0 1.0 1.5 6.7 09:21 331
02 14.8 19.4 16:08 11.7 06:13 3.5 0.0 2.2 2.4 14.3 14:24 320
03 14.7 19.6 15:24 8.7 06:03 3.7 0.0 0.4 2.8 20.1 15:29 333
04 14.0 18.9 18:07 8.4 06:18 4.4 0.0 0.2 2.6 15.2 16:40 334
05 14.0 19.7 16:55 8.1 06:16 4.3 0.0 0.2 3.2 15.2 14:40 323
06 16.2 25.1 15:08 7.7 05:08 2.1 0.0 1.0 1.2 12.1 16:30 224
07 18.5 23.8 16:10 13.8 05:58 0.0 0.2 0.0 0.7 8.5 14:56 250
08 16.7 18.9 16:32 14.9 23:58 1.6 0.0 15.8 4.4 25.9 16:26 309
09 16.2 22.1 14:59 13.3 06:39 2.2 0.0 1.2 3.0 21.0 15:18 302
10 16.8 21.3 13:36 11.5 05:15 1.6 0.0 0.0 0.9 7.2 23:51 222
11 19.1 24.4 15:15 14.2 23:59 0.0 0.8 1.4 3.2 17.4 16:12 307
12 19.7 25.7 18:35 12.3 02:10 0.0 1.4 0.0 2.8 14.3 14:40 153
13 19.1 21.9 17:48 15.3 23:59 0.0 0.8 4.0 2.5 13.4 16:37 306
14 14.7 18.2 12:52 12.4 06:33 3.7 0.0 5.6 0.4 8.5 19:02 22
15 15.0 19.7 15:32 10.2 06:05 3.3 0.0 0.2 1.4 10.7 12:15 310
16 16.8 22.6 15:13 9.2 06:14 1.5 0.0 0.0 0.6 8.9 13:13 121
17 17.9 24.2 16:37 10.0 05:55 0.4 0.0 0.0 0.8 9.4 16:23 131
18 19.4 26.3 15:52 11.9 04:42 0.0 1.1 0.0 2.5 11.6 13:15 152
19 22.3 29.1 16:05 17.2 23:56 0.0 4.0 3.8 3.6 13.0 06:07 174
20 19.4 24.0 16:25 15.2 07:25 0.0 1.1 0.0 0.3 7.6 16:03 39
21 15.9 18.6 13:09 11.6 22:57 2.5 0.0 23.0 3.0 21.0 15:05 315
22 15.4 20.7 15:56 10.7 06:15 2.9 0.0 0.2 1.5 10.3 12:10 314
23 17.2 23.3 16:08 11.1 01:59 1.1 0.0 0.0 0.7 8.0 13:31 213
24 18.4 24.8 15:25 10.8 06:07 0.0 0.1 0.0 1.6 12.5 14:40 303
25 20.2 25.7 15:36 14.5 05:59 0.0 1.8 0.0 0.6 8.0 11:11 127
26 20.4 26.7 16:12 13.8 04:58 0.0 2.0 0.0 1.1 8.5 12:00 150
27 21.0 27.4 14:26 13.7 05:52 0.0 2.7 0.0 0.4 7.2 14:29 343
28 20.4 25.8 16:28 13.8 06:29 0.0 2.1 0.0 3.4 13.0 12:20 134
29 20.7 25.7 18:06 15.9 06:21 0.0 2.4 0.8 4.8 16.5 18:04 139
30 19.3 23.3 17:25 16.8 06:41 0.0 1.0 0.2 2.3 13.9 15:21 313
31 18.8 24.5 15:33 14.9 06:22 0.0 0.5 0.0 1.3 6.7 01:11 324
17.6 29.1 19 7.7 06 43.8 21.9 61.2 2.0 25.9 08 305