Monthly Climatological Summary for Jul 2019

NAME:HomeISS
ELEV:180 meters
LAT:54-46.80 N
LONG:025-05.10 E

DAILY MAXIMUM and MINIMUM TEMPERATURE (°C), RAIN (mm) and WIND SPEED (m/s)

Day Mean High Time Low Time Heat
deg
days
Cool
deg
days
Rain Avg
wind
speed
Max Time Dir
01 21.1 25.7 14:20 15.9 23:26 0.0 2.8 0.0 4.4 21.0 17:41 299
02 16.6 21.5 14:50 13.3 23:42 1.7 0.0 0.4 4.7 30.0 15:49 297
03 13.0 16.1 13:15 10.4 15:40 5.3 0.0 1.2 5.6 29.5 15:16 304
04 12.5 17.2 13:24 8.3 04:46 5.8 0.0 0.2 3.1 21.9 14:22 290
05 13.3 18.2 16:41 10.4 22:32 5.0 0.0 3.8 4.1 28.6 19:25 289
06 14.5 19.0 13:24 10.3 06:12 3.8 0.0 0.8 5.1 23.2 10:29 300
07 13.9 18.4 13:56 11.1 22:28 4.4 0.0 4.8 3.3 22.8 15:32 293
08 12.6 16.7 12:53 10.2 02:07 5.7 0.0 3.8 3.4 17.9 13:11 301
09 14.2 19.2 15:58 11.8 03:38 4.2 0.0 1.0 3.7 16.5 16:54 317
10 13.5 16.7 16:06 12.1 02:38 4.8 0.0 4.0 5.3 20.1 13:30 323
11 14.5 19.2 16:09 11.4 02:47 3.8 0.0 0.4 3.8 13.9 14:43 320
12 15.3 19.2 15:27 11.7 06:35 3.0 0.0 0.2 2.9 15.2 15:44 354
13 14.0 18.7 19:26 9.8 05:53 4.4 0.0 0.2 0.5 7.6 10:24 334
14 15.6 20.8 15:37 9.9 05:07 2.7 0.0 0.0 1.7 11.2 08:53 0
15 16.5 21.7 16:15 10.1 05:53 1.8 0.0 0.0 2.2 13.0 13:52 342
16 14.7 21.2 13:39 10.4 04:16 3.7 0.0 15.4 1.3 19.2 14:33 225
17 13.6 17.1 15:42 10.7 07:02 4.7 0.0 1.8 4.4 13.9 10:44 321
18 16.0 21.6 18:16 12.4 05:27 2.3 0.0 0.2 5.4 18.8 18:32 322
19 17.6 22.8 17:15 11.9 05:09 0.7 0.0 0.0 3.6 15.2 15:30 309
20 20.0 25.8 18:01 11.8 06:17 0.0 1.7 0.0 0.9 9.4 17:07 341
21 22.0 28.6 16:41 13.9 06:05 0.0 3.7 0.0 1.8 12.1 15:30 155
22 17.5 21.3 16:24 14.8 23:21 0.8 0.0 6.4 4.0 18.8 19:11 316
23 17.2 22.6 19:27 12.7 06:07 1.1 0.0 0.0 5.2 14.8 10:56 324
24 20.7 25.6 15:57 16.1 05:53 0.0 2.4 0.0 3.7 11.6 11:01 348
25 19.0 25.8 16:37 14.1 05:37 0.0 0.7 12.4 4.2 20.1 14:26 336
26 18.1 23.1 16:09 13.6 05:38 0.2 0.0 0.2 1.3 13.9 15:55 86
27 18.0 19.4 17:46 16.9 07:47 0.3 0.0 5.0 1.0 8.5 11:05 127
28 22.1 27.7 15:32 17.3 06:05 0.0 3.8 0.0 1.9 11.6 16:05 132
29 23.1 28.1 15:25 18.6 06:07 0.0 4.7 0.0 0.4 8.5 15:40 52
30 18.3 23.9 15:50 14.1 23:58 0.0 0.0 0.0 2.3 11.2 08:45 60
31 13.7 17.3 15:34 8.5 06:20 4.6 0.0 0.0 4.8 15.6 13:49 348
16.5 28.6 21 8.3 04 75.0 19.6 62.2 3.2 30.0 02 318