Monthly Climatological Summary for Jun 2019

NAME:HomeISS
ELEV:180 meters
LAT:54-46.80 N
LONG:025-05.10 E

DAILY MAXIMUM and MINIMUM TEMPERATURE (°C), RAIN (mm) and WIND SPEED (m/s)

Day Mean High Time Low Time Heat
deg
days
Cool
deg
days
Rain Avg
wind
speed
Max Time Dir
01 16.4 20.4 16:22 12.9 06:26 1.9 0.0 0.2 2.6 10.7 15:43 318
02 17.2 21.2 15:06 12.3 02:07 1.1 0.0 0.0 3.8 20.6 13:38 308
03 17.3 24.4 19:09 8.8 05:16 1.0 0.0 0.2 1.0 7.6 15:57 70
04 20.4 26.4 16:32 12.7 03:39 0.0 2.1 0.0 3.6 14.8 11:54 143
05 22.5 29.3 14:09 13.3 05:28 0.0 4.1 0.0 2.5 18.3 14:40 141
06 22.6 28.1 15:46 17.1 04:22 0.0 4.3 0.0 4.8 20.1 11:14 135
07 21.8 28.1 15:40 16.4 04:21 0.0 3.4 11.6 3.7 30.0 16:25 138
08 21.9 27.2 15:36 16.5 05:22 0.0 3.6 0.0 4.2 22.8 10:44 149
09 19.4 22.9 16:39 14.8 06:37 0.0 1.0 0.0 4.8 20.1 06:21 325
10 19.6 25.6 17:39 11.5 05:26 0.0 1.2 0.0 2.3 13.9 14:48 133
11 24.5 31.3 15:45 15.2 05:31 0.0 6.2 0.0 3.3 17.4 14:11 143
12 27.1 33.3 16:15 19.3 04:41 0.0 8.8 0.0 2.3 13.4 15:10 154
13 26.2 32.8 15:54 19.4 23:57 0.0 7.9 0.2 4.3 27.3 21:20 144
14 22.4 26.8 16:43 18.1 02:59 0.0 4.0 0.0 4.1 20.6 05:51 325
15 20.7 25.4 16:41 15.3 04:51 0.0 2.3 0.0 1.6 10.3 12:16 354
16 17.6 20.8 19:45 14.8 07:39 0.7 0.0 11.6 3.6 17.0 11:48 135
17 17.3 19.7 19:21 15.5 23:49 1.1 0.0 0.4 2.5 17.0 19:33 312
18 19.0 24.2 19:00 12.5 05:53 0.0 0.6 0.0 2.9 13.0 16:47 335
19 21.6 27.8 16:26 13.2 05:54 0.0 3.2 0.0 1.8 11.6 18:02 138
20 22.5 28.2 13:26 18.2 02:10 0.0 4.2 0.0 4.0 18.8 20:45 144
21 21.2 24.0 12:43 16.5 05:34 0.0 2.9 0.0 1.9 11.2 00:00 282
22 19.6 23.2 14:49 15.5 23:58 0.0 1.3 8.2 5.2 16.5 16:10 321
23 18.5 23.6 16:42 11.6 05:54 0.0 0.1 0.0 2.2 11.6 14:00 359
24 19.9 25.4 15:55 12.7 05:43 0.0 1.6 0.0 1.4 11.2 11:47 359
25 21.6 28.1 16:35 13.3 05:14 0.0 3.2 0.0 1.4 10.3 14:26 116
26 24.5 30.8 16:02 16.2 05:07 0.0 6.1 0.0 2.1 15.6 16:49 278
27 19.2 24.1 01:06 14.1 23:57 0.0 0.8 13.4 6.9 24.1 17:11 319
28 15.2 20.2 18:56 9.9 05:51 3.1 0.0 0.0 8.8 26.4 14:38 333
29 14.5 18.8 19:48 8.8 05:04 3.8 0.0 0.0 4.8 22.4 13:03 319
30 21.6 28.3 19:02 14.2 04:51 0.0 3.3 0.0 2.6 15.6 16:51 300
20.5 33.3 12 8.8 03 12.7 76.3 45.8 3.4 30.0 07 333