Monthly Climatological Summary for May 2019

NAME:HomeISS
ELEV:180 meters
LAT:54-46.80 N
LONG:025-05.10 E

DAILY MAXIMUM and MINIMUM TEMPERATURE (°C), RAIN (mm) and WIND SPEED (m/s)

Day Mean High Time Low Time Heat
deg
days
Cool
deg
days
Rain Avg
wind
speed
Max Time Dir
01 12.2 17.8 13:28 4.5 05:20 6.2 0.0 0.0 1.6 14.8 11:52 145
02 7.9 11.1 12:33 5.6 07:36 10.4 0.0 3.2 3.9 27.7 19:45 282
03 6.5 9.4 17:11 3.3 23:49 11.8 0.0 2.4 3.0 17.9 17:14 297
04 6.4 12.2 17:34 -1.4 03:33 12.0 0.0 0.0 2.2 14.8 14:54 199
05 5.9 11.0 10:37 2.5 03:30 12.4 0.0 0.0 4.0 17.0 15:44 328
06 6.8 12.0 15:48 0.6 05:10 11.5 0.0 0.0 3.1 14.8 12:40 359
07 8.5 12.6 17:33 4.3 23:59 9.9 0.0 0.0 6.4 20.1 17:56 321
08 7.3 13.3 16:27 -0.1 05:26 11.0 0.0 0.0 2.1 11.2 10:45 333
09 10.0 15.8 15:33 0.9 06:05 8.4 0.0 0.0 4.7 18.8 15:46 133
10 11.7 18.2 16:35 5.5 05:31 6.6 0.0 0.4 2.0 13.4 19:00 153
11 11.6 15.4 19:08 7.2 05:13 6.7 0.0 0.2 1.2 14.3 20:21 302
12 10.9 16.7 18:10 6.5 06:08 7.5 0.0 0.2 2.1 9.8 17:53 344
13 10.7 16.8 12:38 6.7 23:52 7.6 0.0 0.0 4.7 18.8 15:27 322
14 8.0 10.5 16:32 5.8 06:57 10.4 0.0 0.0 5.9 13.4 03:19 356
15 13.4 18.8 17:43 6.6 06:01 4.9 0.0 0.0 1.7 12.1 15:30 27
16 12.9 15.5 16:55 9.9 06:23 5.5 0.0 1.0 2.8 17.9 17:14 122
17 15.4 19.8 14:52 12.4 08:59 2.9 0.0 3.4 5.3 20.6 13:16 126
18 19.2 25.0 15:48 13.4 06:14 0.0 0.9 0.8 5.4 21.9 14:35 130
19 20.0 25.3 16:27 13.1 06:04 0.0 1.7 0.0 5.8 25.5 14:25 133
20 20.7 26.5 13:59 17.1 16:33 0.0 2.3 2.0 6.8 27.7 14:52 133
21 21.4 26.6 15:03 16.4 06:06 0.0 3.1 0.0 7.4 27.7 14:39 134
22 18.9 23.8 15:53 12.8 05:49 0.0 0.6 0.0 2.9 15.2 13:00 139
23 18.9 25.7 14:37 13.7 06:05 0.0 0.5 0.0 2.6 21.0 17:02 312
24 15.7 20.3 14:43 12.2 07:34 2.7 0.0 0.0 3.9 13.9 16:45 318
25 15.5 21.3 14:03 11.1 06:10 2.8 0.0 0.0 4.0 20.1 18:14 310
26 12.3 15.2 17:38 9.8 04:54 6.0 0.0 0.0 2.5 15.2 17:00 294
27 17.6 23.2 18:44 12.2 00:00 0.7 0.0 0.0 2.6 17.0 20:34 278
28 16.1 22.2 19:31 10.1 03:53 2.3 0.0 14.4 3.2 22.8 22:15 145
29 14.2 17.0 01:07 12.3 13:09 4.1 0.0 2.2 4.1 15.2 16:43 315
30 12.4 17.8 19:12 5.3 05:35 5.9 0.0 0.0 3.6 13.0 10:10 353
31 15.0 21.1 14:51 5.8 04:28 3.3 0.0 0.4 2.0 13.9 16:34 304
13.0 26.6 21 -1.4 04 173.5 9.1 30.6 3.7 27.7 02 15