Monthly Climatological Summary for Apr 2019

NAME:HomeISS
ELEV:180 meters
LAT:54-46.80 N
LONG:025-05.10 E

DAILY MAXIMUM and MINIMUM TEMPERATURE (°C), RAIN (mm) and WIND SPEED (m/s)

Day Mean High Time Low Time Heat
deg
days
Cool
deg
days
Rain Avg
wind
speed
Max Time Dir
01 3.2 8.2 16:53 -2.4 06:51 15.2 0.0 0.0 5.9 22.4 13:38 336
02 4.3 10.3 16:34 -3.4 07:14 14.0 0.0 0.0 3.8 17.4 14:09 133
03 6.6 12.1 15:10 0.3 06:42 11.7 0.0 0.0 7.2 25.9 13:11 142
04 7.0 12.6 15:49 0.4 06:55 11.4 0.0 0.0 6.5 22.4 11:31 134
05 7.2 13.0 14:45 -0.6 07:05 11.1 0.0 0.0 4.9 22.4 12:38 131
06 8.3 14.2 13:40 2.3 05:03 10.1 0.0 0.0 6.1 21.9 12:55 125
07 9.5 14.9 14:18 5.1 23:59 8.8 0.0 0.0 6.7 22.4 16:50 142
08 7.8 14.7 14:45 0.9 06:40 10.5 0.0 0.0 3.7 15.6 19:56 333
09 1.4 4.3 18:23 -1.6 05:06 16.9 0.0 0.0 4.9 14.8 18:59 322
10 1.6 3.6 14:47 -1.8 06:48 16.7 0.0 0.0 3.3 13.4 10:25 322
11 1.9 5.3 15:34 -1.8 23:31 16.4 0.0 0.0 4.2 16.1 18:29 359
12 0.2 5.1 17:37 -3.7 06:02 18.1 0.0 0.0 2.8 15.6 17:27 2
13 2.7 9.5 16:11 -4.2 06:36 15.6 0.0 0.0 1.5 15.6 11:00 57
14 4.2 9.2 15:52 -1.4 06:21 14.1 0.0 0.0 1.3 13.0 17:03 53
15 3.6 8.1 14:19 -1.2 06:06 14.7 0.0 0.0 1.7 14.8 11:09 24
16 8.3 16.1 16:41 0.7 01:52 10.0 0.0 0.0 2.0 14.3 15:03 22
17 11.0 17.2 15:07 3.9 05:15 7.4 0.0 0.0 1.0 11.2 14:52 80
18 11.8 18.3 16:02 3.7 06:56 6.6 0.0 0.0 3.6 17.0 16:28 358
19 11.9 17.9 16:32 3.8 06:15 6.5 0.0 0.0 2.9 15.6 14:37 354
20 10.3 16.7 15:59 3.6 07:01 8.0 0.0 0.0 5.2 15.2 14:59 341
21 7.0 10.2 18:38 4.9 07:15 11.4 0.0 0.2 2.0 10.7 02:11 338
22 11.3 17.4 14:42 3.1 06:09 7.1 0.0 0.0 3.8 23.2 11:35 137
23 12.8 19.2 14:31 3.7 06:40 5.5 0.0 0.0 4.2 21.9 13:00 134
24 15.0 20.8 16:21 5.2 06:19 3.4 0.0 0.0 7.4 29.5 11:02 139
25 15.9 21.3 16:25 9.6 06:35 2.4 0.0 0.0 6.6 26.4 10:15 141
26 18.2 24.6 15:48 11.1 06:07 0.2 0.0 0.0 4.5 18.3 12:13 144
27 18.5 25.7 16:02 10.0 05:33 0.0 0.1 0.0 2.1 13.9 12:02 133
28 17.6 23.1 14:38 12.1 06:17 0.7 0.0 0.0 1.5 16.1 10:16 95
29 12.3 17.3 15:56 6.7 06:23 6.0 0.0 0.0 2.1 17.4 15:24 108
30 11.6 17.8 15:01 4.2 06:06 6.7 0.0 0.0 1.2 13.4 12:59 131
8.8 25.7 27 -4.2 13 287.3 0.1 0.2 3.8 29.5 24 105