Monthly Climatological Summary for Mar 2019

NAME:HomeISS
ELEV:180 meters
LAT:54-46.80 N
LONG:025-05.10 E

DAILY MAXIMUM and MINIMUM TEMPERATURE (°C), RAIN (mm) and WIND SPEED (m/s)

Day Mean High Time Low Time Heat
deg
days
Cool
deg
days
Rain Avg
wind
speed
Max Time Dir
01 -2.6 -0.3 00:00 -5.2 17:24 21.0 0.0 0.0 10.1 28.6 06:51 343
02 -3.8 -0.8 14:44 -6.6 07:09 22.2 0.0 0.0 3.4 13.4 11:01 313
03 -0.1 4.0 22:40 -3.5 02:45 18.4 0.0 3.4 3.1 16.5 14:12 236
04 4.8 7.6 22:54 1.3 06:41 13.5 0.0 6.0 2.1 15.6 00:03 221
05 4.1 7.0 00:24 -1.2 23:59 14.2 0.0 2.0 6.5 25.9 11:55 286
06 -1.6 1.3 15:11 -3.9 08:00 19.9 0.0 0.0 4.7 17.4 00:41 345
07 3.9 7.9 14:48 -1.3 02:21 14.4 0.0 0.0 9.3 26.4 14:50 158
08 7.2 12.0 13:13 3.8 20:41 11.1 0.0 1.8 4.8 27.3 23:00 242
09 4.3 7.9 14:39 1.7 07:00 14.1 0.0 2.8 5.6 21.5 18:34 248
10 2.3 4.1 13:02 -0.4 23:57 16.1 0.0 2.2 3.5 17.0 20:11 271
11 -0.8 1.7 14:22 -2.9 23:58 19.1 0.0 0.8 5.2 22.4 10:50 310
12 -2.4 0.3 15:26 -4.6 05:41 20.7 0.0 0.0 5.2 21.9 13:57 308
13 0.4 5.7 12:55 -4.3 02:33 17.9 0.0 0.2 4.8 22.4 15:06 163
14 3.3 7.6 14:32 0.8 02:16 15.0 0.0 3.6 6.3 23.7 14:48 159
15 3.8 7.7 13:43 1.5 04:00 14.5 0.0 1.0 6.6 20.6 13:07 157
16 2.7 3.8 00:49 0.7 23:22 15.6 0.0 11.2 7.0 21.9 16:55 293
17 3.7 7.2 23:59 0.2 04:28 14.7 0.0 0.0 6.2 21.9 13:15 160
18 5.3 7.5 16:19 2.9 23:57 13.0 0.0 2.4 2.8 19.2 00:05 188
19 2.6 5.3 13:59 0.6 05:34 15.7 0.0 0.8 3.1 17.4 12:45 262
20 3.1 5.9 15:07 -0.2 06:54 15.2 0.0 0.0 4.1 18.8 23:35 293
21 5.5 7.7 15:19 3.4 01:43 12.8 0.0 0.4 5.1 21.5 00:20 295
22 5.6 7.7 15:05 0.1 23:52 12.8 0.0 0.4 9.8 27.3 14:15 333
23 5.9 12.3 15:40 -2.1 06:34 12.4 0.0 0.0 2.5 16.5 23:47 253
24 4.8 8.7 00:00 0.4 23:58 13.6 0.0 0.0 6.7 21.9 13:22 312
25 2.4 7.3 14:34 -0.4 01:35 16.0 0.0 0.0 3.1 14.3 15:10 315
26 0.3 4.0 13:29 -1.9 06:38 18.0 0.0 2.4 3.6 19.2 04:04 299
27 -0.5 2.6 15:33 -5.1 06:40 18.8 0.0 0.0 3.3 13.9 12:01 316
28 2.7 7.1 15:21 0.2 02:50 15.7 0.0 0.0 2.1 12.1 16:27 289
29 5.9 13.1 15:33 1.5 00:23 12.4 0.0 0.0 6.0 22.8 20:04 297
30 8.9 14.3 15:31 5.2 04:40 9.4 0.0 0.0 4.9 22.8 00:29 293
31 7.5 11.4 11:00 3.1 22:32 10.9 0.0 0.0 6.5 26.8 15:35 296
2.9 14.3 30 -6.6 02 479.1 0.0 41.4 5.1 28.6 01 281