Monthly Climatological Summary for Feb 2019

NAME:HomeISS
ELEV:180 meters
LAT:54-46.80 N
LONG:025-05.10 E

DAILY MAXIMUM and MINIMUM TEMPERATURE (°C), RAIN (mm) and WIND SPEED (m/s)

Day Mean High Time Low Time Heat
deg
days
Cool
deg
days
Rain Avg
wind
speed
Max Time Dir
01 0.4 0.9 13:35 0.1 00:00 17.9 0.0 1.6 5.9 14.8 21:03 139
02 1.1 2.3 23:25 -0.2 02:49 17.3 0.0 1.4 9.4 22.4 22:10 140
03 2.0 3.2 13:10 0.9 22:46 16.4 0.0 0.0 5.0 22.4 01:43 155
04 -0.7 1.0 00:00 -2.8 21:40 19.1 0.0 4.0 4.7 21.0 13:02 317
05 -2.1 -1.4 23:43 -2.7 08:20 20.4 0.0 0.0 2.8 16.1 13:45 180
06 -0.5 0.7 11:46 -1.7 01:08 18.8 0.0 0.0 3.7 13.9 19:09 289
07 0.1 2.4 15:46 -2.2 04:44 18.3 0.0 0.0 4.7 19.7 10:00 162
08 0.1 2.6 15:13 -2.4 06:54 18.3 0.0 0.0 4.0 16.5 01:03 168
09 1.1 3.2 15:13 -1.1 06:38 17.2 0.0 0.0 7.5 25.5 18:20 159
10 2.3 4.2 14:22 0.7 08:00 16.1 0.0 0.0 5.3 20.1 21:04 163
11 2.0 2.8 00:24 0.5 14:06 16.3 0.0 2.4 6.5 20.6 03:28 163
12 -0.3 1.7 00:00 -1.1 17:32 18.7 0.0 0.8 7.9 21.0 19:07 310
13 -0.7 1.3 20:04 -2.2 05:28 19.0 0.0 8.2 4.6 17.4 23:40 297
14 1.4 4.8 15:17 -0.2 04:47 17.0 0.0 0.0 4.4 17.4 01:15 307
15 2.3 2.8 05:16 1.4 00:00 16.1 0.0 0.0 4.4 16.1 11:49 300
16 2.9 6.6 15:25 1.5 05:05 15.4 0.0 0.0 3.1 13.4 00:00 271
17 3.1 5.1 15:59 0.3 23:30 15.2 0.0 0.0 4.7 15.2 14:21 306
18 -1.3 1.1 16:06 -3.1 05:51 19.7 0.0 0.0 2.4 13.0 22:04 164
19 1.9 5.8 21:12 -2.1 02:25 16.5 0.0 0.0 5.1 20.1 21:47 173
20 2.4 4.2 01:14 -1.9 23:59 15.9 0.0 2.0 8.1 27.3 23:41 302
21 -3.0 -1.1 13:59 -5.4 23:59 21.3 0.0 0.0 7.5 27.3 00:00 337
22 -5.6 -2.3 15:41 -9.1 06:54 24.0 0.0 0.0 8.0 24.1 14:25 0
23 -4.3 -1.4 16:50 -8.3 04:19 22.7 0.0 0.0 4.0 21.9 16:01 300
24 0.4 3.3 13:24 -2.1 03:20 18.0 0.0 0.0 3.9 16.1 00:04 291
25 1.4 5.5 15:34 -0.9 05:53 16.9 0.0 0.0 6.4 20.1 14:30 309
26 1.9 3.4 11:18 0.6 00:24 16.4 0.0 0.0 8.5 23.7 10:49 336
27 2.5 6.3 15:57 0.2 08:18 15.8 0.0 0.0 3.8 16.5 23:02 305
28 2.8 6.9 14:15 -0.3 23:59 15.5 0.0 0.8 8.7 32.6 22:24 311
0.5 6.9 28 -9.1 22 499.9 0.0 21.2 5.5 32.6 28 281