Monthly Climatological Summary for Jan 2019

NAME:HomeISS
ELEV:180 meters
LAT:54-46.80 N
LONG:025-05.10 E

DAILY MAXIMUM and MINIMUM TEMPERATURE (°C), RAIN (mm) and WIND SPEED (m/s)

Day Mean High Time Low Time Heat
deg
days
Cool
deg
days
Rain Avg
wind
speed
Max Time Dir
01 0.4 2.4 18:11 -2.2 00:00 18.0 0.0 5.2 3.4 17.4 08:15 211
02 -0.3 1.8 01:00 -3.5 23:55 18.7 0.0 1.4 6.6 25.0 21:48 316
03 -4.7 -3.4 00:36 -5.4 07:21 23.0 0.0 0.2 10.7 23.2 01:04 357
04 -5.2 -2.6 23:58 -7.2 10:08 23.5 0.0 0.8 3.6 14.8 03:26 318
05 -3.2 -0.2 07:34 -6.2 20:35 21.6 0.0 0.6 5.8 19.7 14:47 354
06 -6.3 -5.1 14:26 -7.7 22:05 24.6 0.0 0.0 4.1 14.3 03:26 0
07 -7.4 -5.4 14:04 -10.7 05:42 25.7 0.0 0.0 1.3 9.8 11:50 190
08 -5.5 -4.7 11:40 -6.1 22:27 23.9 0.0 0.0 6.9 21.5 16:59 159
09 -8.5 -6.0 00:00 -12.3 21:05 26.8 0.0 0.0 7.8 20.1 11:05 137
10 -10.3 -9.2 23:44 -11.3 00:00 28.6 0.0 0.0 0.8 9.8 00:05 126
11 -10.7 -8.7 23:38 -14.5 09:51 29.1 0.0 4.2 2.4 17.0 15:58 180
12 -3.1 -0.7 21:23 -8.7 00:00 21.4 0.0 0.0 2.7 11.6 07:15 294
13 -0.6 0.6 21:02 -2.1 06:53 18.9 0.0 0.4 3.0 14.8 21:50 174
14 -0.8 0.9 11:34 -4.6 23:56 19.1 0.0 2.8 6.3 25.9 16:57 293
15 -3.6 -2.7 22:31 -4.9 07:18 22.0 0.0 0.0 4.0 17.9 11:24 299
16 -3.3 -1.2 23:55 -5.7 08:23 21.6 0.0 0.0 2.5 14.3 23:05 244
17 1.3 1.9 21:17 -1.2 00:00 17.0 0.0 1.4 3.8 19.7 20:55 235
18 -1.3 1.8 00:00 -3.7 17:03 19.6 0.0 4.6 2.1 13.0 00:36 295
19 -3.0 -2.3 12:36 -4.6 03:42 21.3 0.0 0.0 1.3 7.6 14:23 277
20 -2.9 -1.8 15:10 -5.6 23:56 21.2 0.0 0.4 3.4 13.4 09:45 278
21 -4.9 -3.7 15:14 -6.4 01:14 23.2 0.0 0.0 1.8 8.5 13:25 289
22 -4.4 -3.3 14:56 -5.4 05:55 22.7 0.0 0.0 0.4 5.4 20:57 164
23 -6.5 -4.2 14:22 -11.9 23:23 24.8 0.0 0.0 1.6 9.8 11:08 149
24 -11.5 -7.1 15:07 -14.9 08:13 29.8 0.0 0.0 0.2 4.0 12:21 25
25 -7.7 -6.6 13:22 -11.2 00:00 26.1 0.0 0.4 4.9 17.9 18:02 128
26 -8.1 -7.1 23:59 -10.1 05:59 26.4 0.0 0.2 1.0 9.8 00:00 168
27 -7.4 -6.3 13:39 -8.0 22:13 25.7 0.0 0.0 4.4 20.1 21:31 138
28 -7.2 -5.8 14:57 -7.9 00:00 25.5 0.0 0.0 9.2 20.1 06:08 135
29 -3.5 -0.1 23:56 -6.9 00:00 21.9 0.0 0.0 5.6 15.2 00:00 151
30 -1.0 0.7 13:09 -4.9 21:33 19.4 0.0 0.0 1.4 8.9 12:38 160
31 -1.6 0.1 23:56 -3.2 07:37 19.9 0.0 0.0 2.1 11.2 10:03 118
-4.6 2.4 01 -14.9 24 710.9 0.0 22.6 3.7 25.9 14 178