Monthly Climatological Summary for Dec 2018

NAME:HomeISS
ELEV:180 meters
LAT:54-46.80 N
LONG:025-05.10 E

DAILY MAXIMUM and MINIMUM TEMPERATURE (°C), RAIN (mm) and WIND SPEED (m/s)

Day Mean High Time Low Time Heat
deg
days
Cool
deg
days
Rain Avg
wind
speed
Max Time Dir
01 -8.8 -6.5 13:00 -11.6 05:20 27.1 0.0 0.4 4.4 14.8 00:02 138
02 -6.8 -3.3 23:53 -10.2 06:43 25.2 0.0 0.0 4.8 15.6 22:09 158
03 -1.0 1.7 23:50 -3.3 00:00 19.4 0.0 2.2 7.4 17.9 11:20 153
04 2.9 3.9 21:20 1.6 00:00 15.5 0.0 8.0 5.3 17.9 02:35 164
05 0.9 2.6 00:00 -1.9 23:46 17.4 0.0 0.0 3.2 14.3 05:46 289
06 -2.5 -0.4 12:08 -4.7 08:38 20.8 0.0 0.0 1.9 11.2 23:56 186
07 -2.8 -0.8 23:54 -4.1 09:17 21.1 0.0 1.6 8.1 24.1 10:18 156
08 0.8 2.7 19:38 -0.8 00:00 17.6 0.0 6.8 5.9 20.6 12:44 158
09 1.1 1.6 00:00 0.5 01:56 17.2 0.0 0.6 7.6 19.7 12:48 156
10 2.2 3.6 13:24 0.7 21:23 16.1 0.0 1.6 1.9 13.9 01:00 193
11 0.0 1.3 00:26 -1.1 23:46 18.3 0.0 0.0 2.3 8.5 13:32 338
12 -0.3 0.5 15:48 -1.2 00:35 18.6 0.0 0.0 3.3 12.1 18:11 0
13 -1.0 -0.3 00:07 -1.7 09:30 19.4 0.0 0.0 3.2 10.3 02:55 0
14 -0.9 -0.4 12:44 -1.2 22:39 19.2 0.0 0.0 0.4 8.5 00:33 24
15 -1.4 -0.9 12:45 -1.8 21:05 19.7 0.0 0.0 1.9 13.0 18:49 123
16 -2.2 -1.7 00:00 -2.8 23:38 20.5 0.0 0.2 8.6 22.8 18:30 133
17 -3.6 -2.8 00:00 -4.4 22:43 22.0 0.0 1.6 6.4 18.8 03:36 138
18 -4.4 -3.8 13:26 -4.9 21:58 22.7 0.0 0.4 2.7 7.6 21:35 157
19 -4.8 -4.1 13:33 -6.6 23:54 23.1 0.0 0.0 4.7 17.4 23:20 148
20 -7.3 -6.0 23:40 -8.4 11:19 25.7 0.0 0.0 7.3 18.8 04:46 146
21 -4.8 -1.3 23:55 -6.2 06:51 23.1 0.0 0.8 4.7 13.4 00:00 151
22 0.0 0.6 12:52 -1.3 00:00 18.3 0.0 0.2 4.6 13.9 02:51 130
23 -1.8 -0.2 00:00 -2.7 22:41 20.1 0.0 0.2 5.3 17.9 07:49 320
24 -3.7 -2.1 03:05 -5.2 08:41 22.1 0.0 0.0 3.4 12.5 17:30 332
25 -4.3 -1.5 23:56 -6.4 07:12 22.7 0.0 0.0 2.2 10.3 01:28 331
26 1.2 2.2 13:52 -1.5 00:00 17.2 0.0 2.0 8.0 21.9 10:13 312
27 0.8 1.4 13:58 0.0 07:54 17.5 0.0 0.0 2.3 17.0 01:10 315
28 0.8 2.2 05:07 -0.6 20:57 17.5 0.0 2.4 3.9 14.3 16:08 350
29 0.4 1.3 18:54 -0.6 00:00 17.9 0.0 0.0 2.2 13.9 07:58 305
30 1.2 1.8 21:15 0.6 02:28 17.1 0.0 0.4 1.5 8.9 02:49 166
31 -0.7 1.8 02:38 -2.3 20:30 19.0 0.0 5.6 2.5 13.4 09:42 358
-1.6 3.9 04 -11.6 01 619.1 0.0 35.0 4.3 24.1 07 150