Monthly Climatological Summary for Nov 2018

NAME:HomeISS
ELEV:180 meters
LAT:54-46.80 N
LONG:025-05.10 E

DAILY MAXIMUM and MINIMUM TEMPERATURE (°C), RAIN (mm) and WIND SPEED (m/s)

Day Mean High Time Low Time Heat
deg
days
Cool
deg
days
Rain Avg
wind
speed
Max Time Dir
01
02
03
04
05
06
07
08
09
10 5.3 7.1 14:18 4.2 23:56 13.1 0.0 0.0 6.1 13.9 23:07 134
11 3.6 4.3 12:55 2.8 02:26 14.7 0.0 0.0 9.9 26.4 20:42 135
12 2.8 3.4 23:59 2.0 05:20 15.6 0.0 0.0 10.2 24.1 22:29 151
13 4.3 4.9 22:44 3.3 00:00 14.0 0.0 5.8 10.3 28.6 13:05 158
14 6.3 7.1 05:57 4.9 00:01 12.1 0.0 6.6 4.8 16.1 12:16 318
15 5.5 6.6 13:42 2.8 23:45 12.8 0.0 0.0 2.3 10.7 20:55 25
16 1.1 2.8 00:00 -1.8 23:48 17.2 0.0 0.0 1.8 10.7 00:21 133
17 -1.6 0.8 23:26 -4.8 08:43 19.9 0.0 0.2 1.6 13.9 17:24 303
18 2.8 4.6 11:52 0.7 01:32 15.5 0.0 2.0 3.6 12.1 07:33 332
19 2.4 3.1 00:05 1.7 23:56 16.0 0.0 0.0 1.4 13.4 11:00 101
20 -0.6 1.8 00:00 -1.9 23:57 18.9 0.0 0.0 0.9 8.5 08:04 122
21 -2.8 -1.9 00:00 -3.5 23:29 21.1 0.0 0.0 1.1 8.5 10:31 116
22 -3.6 -3.1 20:01 -4.1 07:15 21.9 0.0 0.0 2.8 10.7 15:36 334
23 -2.4 -0.9 13:06 -4.7 23:55 20.7 0.0 0.0 1.5 9.4 19:05 275
24 -3.3 -1.8 23:36 -5.2 01:43 21.7 0.0 0.0 2.3 10.3 02:18 169
25 -1.0 -0.4 20:19 -1.8 00:00 19.4 0.0 0.0 0.9 7.2 14:57 352
26 -2.9 -0.7 00:02 -3.8 08:20 21.2 0.0 0.0 1.5 9.4 02:44 335
27 -2.4 -0.3 13:44 -6.1 23:43 20.8 0.0 0.0 2.8 13.9 10:57 341
28 -5.4 -4.4 13:59 -8.2 23:57 23.7 0.0 0.0 1.1 7.2 06:10 5
29 -6.6 -5.4 12:39 -8.8 01:02 24.9 0.0 0.0 6.6 21.5 23:10 158
30 -6.7 -3.3 13:16 -9.7 23:47 25.0 0.0 0.0 8.9 25.5 01:08 154
-0.4 7.1 10 -9.7 30 390.3 0.0 14.6 3.9 28.6 13 147